Suppose -11*s + 16 = -g*s, 3*h + 3*s - 3411 = 0. What is the tens digit of h?
3
Suppose -7*v - 28 - 28 = 0. Let g(m) = -m - 9. Let d be g(v). What is the units digit of (5/15)/(d*1/(-171))?
7
Let z = -8479 + 12166. Suppose -9*i = -2352 - z. What is the units digit of i?
1
Suppose -244*c - 135261 = -721703 - 152634. What is the tens digit of c?
2
Let c be (-6)/(-15) + (-84)/(-15). Let p be (-46)/(-11) - (-6)/(-33). Let l = c - p. What is the units digit of l?
2
Let k(f) be the first derivative of 124*f**2 - 9*f - 155. What is the hundreds digit of k(3)?
7
Suppose 2*z - 56 = -5*g, g = -z - 0*g + 22. Let b be 4 - 2 - 37/((-37)/18). Suppose -z*s = -b*s + 558. What is the units digit of s?
9
Let w = 16118 - 8520. What is the thousands digit of w?
7
Let u(q) = -5*q + 31. Let o be u(7). Let h be (51 + -1)*((-72)/o + 4). Suppose -6*w - 4*w = -h. What is the units digit of w?
0
Let t = 875 - 1418. Suppose -4*a = 16, h - 3*a = -4*a + 795. Let w = h + t. What is the hundreds digit of w?
2
Let u be 9/(-6) - (-270)/20. Let w = u + -12. Let n(o) = -o**3 - o**2 + 70. What is the units digit of n(w)?
0
Let k = 7729 - -9167. What is the thousands digit of k?
6
Let h(b) = -3*b**3 + 17*b**2 + 8*b + 82. What is the thousands digit of h(-21)?
5
Let m = 16293 - 10494. What is the units digit of m?
9
Suppose m + 4910 + 34006 = 5*y, 0 = y + 3*m - 7780. What is the thousands digit of y?
7
Let n(g) = -g**2 + 24*g + 30. Let d be n(25). Suppose d*m - 47 = 4*j, 5*m - 3*m + j - 11 = 0. What is the tens digit of (-1*m + 1)*(-1177)/33?
1
Suppose -81*q + 8236 = -10*q. Suppose -2*c = -5 + 13, -u + 158 = 2*c. Let r = q + u. What is the tens digit of r?
8
Let v(n) be the first derivative of -n**2/2 + 16*n + 29. Let z be v(14). Suppose -3*j - 2*k + 202 = 0, j + 272 = 5*j + z*k. What is the units digit of j?
0
Suppose -142 = -13*c + 11*c. Suppose -4*h = -2*x + 92, -8*x = -9*x - 3*h + c. What is the units digit of x?
6
Suppose 20*c + 242 = z + 16*c, c - 493 = -2*z. What is the hundreds digit of z?
2
Let s be ((-1)/(-2))/(6/(-7032)). Let x = -424 - s. What is the hundreds digit of x?
1
Suppose -3*o = -4*l - 141, -6*o - 3*l - 138 = -9*o. Let n = 275 - o. What is the units digit of n?
2
Let u(k) = -25*k - 12. Let b(h) = -h**2 + 2*h + 11. Let n be b(5). What is the units digit of u(n)?
8
Let p = -3310 + 5282. What is the tens digit of p?
7
Let d = 6101 + 9775. What is the tens digit of d?
7
Let z be ((-78)/273*(-7)/(-2))/(-1). Let k(p) be the third derivative of 2*p**5 + p**4/12 - p**3/3 + 5*p**2. What is the hundreds digit of k(z)?
1
Suppose 7*f - 6*f - 18 = -4*i, 0 = 5*i - f - 27. Suppose 4 = i*h - 4*h + 3*q, 0 = -2*h - 5*q + 12. What is the units digit of 1022/8 - (-4)/h?
8
Let w = 30844 - 9835. What is the thousands digit of w?
1
Let p(y) = -89 - 55*y + 48688*y**3 - 41*y**2 - 48689*y**3 - 7*y**2. What is the hundreds digit of p(-47)?
2
Suppose 5*j = 3*g + 5, j - 3 = -2*j - 2*g. What is the hundreds digit of j*(139 + -2 - 6)?
1
Suppose -27*r + 25*r - 72 = 0. What is the tens digit of (888/r)/((-2)/6)?
7
Let p(j) = j**3 + 6*j**2 + 3*j - 7. Suppose -4*z - 40 = -5*d + z, 0 = 4*z + 4. Let w = d - 12. What is the units digit of p(w)?
3
Let x(z) = 493*z**2 - 64*z - 197. What is the units digit of x(-3)?
2
Let k(o) be the first derivative of -o**3/3 + 5*o**2/2 - 4*o - 14. Let n be k(2). Suppose -n*q + 27 = l, 2*l = -3*q + 36 + 17. What is the units digit of l?
5
Suppose -71*p + 92*p - 168 = 0. Suppose p*f = 877 + 7539. What is the thousands digit of f?
1
Suppose 11880 = 4*o + 4*p, -o - 3*o = -5*p - 11844. Suppose -3*a - 791 = -o. Suppose -5*h - 15 = 0, -4*s - 7*h = -6*h - a. What is the hundreds digit of s?
1
Suppose -3*a + 3*n + 12 = 0, -9*n = -3*a - 4*n + 2. What is the hundreds digit of (-241)/3*(-6)/(-7 + a)?
2
Suppose 35 = -3*a + 29, 5*h - 2*a = 60774. What is the tens digit of h?
5
Let c(a) = 38*a + 57. Let t = -70 - -75. What is the units digit of c(t)?
7
What is the hundreds digit of (-375)/1250 - 128306/(-20)?
4
Let x(h) = h**3 - 6*h**2 - 7*h + 94. Let r(a) = -a**3 + 10*a**2 + 44*a - 56. Let y be r(13). What is the units digit of x(y)?
4
Let q be ((-4 - -4)/5)/(-1). Suppose q = 4*b - 1 - 7. Suppose 5*c = 3*x + 358, -125 - 86 = -3*c - b*x. What is the units digit of c?
1
Let g(n) = n**3 - 4*n**2 + 2*n - 2. Let k be g(4). Suppose -k*j + 160 + 62 = 0. Suppose -v = -j - 74. What is the tens digit of v?
1
What is the hundreds digit of ((-16)/3 - -1)/(-5 + (-166504)/(-33306))?
5
Let s(c) = -10*c**3 - 9*c**2 - 10*c + 4. Let b be s(-6). Suppose -b = -10*k + 5*k. What is the units digit of k?
0
Let a(v) = 12*v**2 - 16*v + 45. Let o be a(10). Suppose 2*m + 0*m + b = o, 0 = -2*m - 5*b + 1065. What is the tens digit of m?
4
Suppose 0 = 11*a - 9*a - 8. Suppose k + 2*r - 365 = -r, 0 = -a*r + 20. What is the units digit of k?
0
Let y(w) = -34*w**2 - 13*w - 38. Let o be y(-5). Let a = -101 - o. What is the hundreds digit of a?
7
Let p be 20/(-10) + (-4)/(-1). Suppose 5*h + 4*k - 759 = 0, 3*h + 2*k - 153 = p*h. What is the hundreds digit of h?
1
Suppose -398*q + 402*q = 3*i + 16072, 2*q - 8038 = 2*i. What is the units digit of q?
5
Let i(d) = d**3 + 22*d**2 + 41*d + 22. Let z be i(-20). What is the hundreds digit of (-2 - -26)/(z/20)?
2
Let q(x) = -8*x**3 - 23*x. Let v be q(-6). Let s = v - 885. What is the tens digit of s?
8
Let z be 9/(-15) + 156/10. Suppose -z*y + y = -5558. What is the hundreds digit of y?
3
Suppose 4*t = 3*t - 93. Suppose -4*h - 5*p = 137, -5*h + 104 = -8*h - 5*p. Let k = h - t. What is the tens digit of k?
6
Let h = -130837 - -191665. What is the units digit of h?
8
Let q(p) = 237*p**2 + 7*p - 49. What is the units digit of q(-10)?
1
Let n be -6*6/(-18) - -52. Let y = 661 - n. What is the units digit of y?
7
Suppose -2*n - 2*p + 12 = 0, -4*n - 5*p + 23 = 2. Let x be -1*n/12*1*-4. Let s(u) = 32*u + 13. What is the hundreds digit of s(x)?
1
Let y(d) = d**2 + 16*d - 5. Let b(t) = t + 1. Let f(a) = 3*b(a) - y(a). Let p be f(-13). Suppose p*l - 222 - 386 = 0. What is the units digit of l?
6
Let n(w) = -w**3 - 8*w**2 + 7*w + 34. Let v be n(-9). Suppose -592 + v = -3*y. What is the units digit of y?
0
Let g = 22 + -30. Let l(z) = -2*z**3 - 17*z**2 - 10*z - 14. Let b be l(g). What is the tens digit of ((-49)/b)/(3/(-18))?
4
Let h(m) = -m**3 + 14*m**2 + 24*m - 17. Let a be h(17). What is the units digit of 17/(a/(-48))*7/2?
6
Let j be -2*(1 + 4 + -4). Let c be j + (-495)/(-2) + 2/4. Suppose 0 = 2*p - c + 60. What is the units digit of p?
3
Let a(y) = -2*y**2 - 15*y + 10. Let s be a(-8). Suppose 7*p - 5145 = s*p. Suppose 12*h - 435 = p. What is the tens digit of h?
2
Let q = 115 + 1525. Suppose q = 5*b - 6400. What is the hundreds digit of b?
6
Suppose 2*u - 1030*b - 68184 = -1028*b, -u + 34117 = 4*b. What is the units digit of u?
7
Let z be -2*7 - (11 + -9). Let i = z - -31. Suppose w - 47 - 217 = -3*y, 5*w = i. What is the units digit of y?
7
Suppose -1126*i = -1153*i + 376650. What is the thousands digit of i?
3
Suppose -145*d + 72*d + 3885206 = 105*d. What is the ten thousands digit of d?
2
Let q be (63/18)/(2/4). Let a be (-8 + q)/(1/(-277)). Suppose 4*k - a = 7*s - 2*s, 139 = 2*k - 3*s. What is the tens digit of k?
6
Let l(c) = 118*c**3 + 8*c**2 - 6*c - 23. What is the hundreds digit of l(4)?
6
Let u(n) = -2*n**3 - n**2 + n. Let c(z) = 9*z**3 + 10*z**2 + 17*z + 84. Let r(m) = -c(m) - 5*u(m). What is the tens digit of r(9)?
4
Let f be (7 - 3) + (7 - -15). Suppose f = -m - 63. Let t = -66 - m. What is the tens digit of t?
2
Suppose -u - 36*k + 1261 = -34*k, -k = 3*u - 3773. What is the hundreds digit of u?
2
Suppose -4*r = 4, -3*w + 5*r - 8 = 2. Let l(g) = 57*g + 47. Let v(b) = 29*b + 23. Let n(z) = w*v(z) + 2*l(z). What is the units digit of n(-6)?
5
Let m(p) = -2*p**3 - 9*p**2 + 28*p - 301. What is the tens digit of m(-25)?
2
Suppose 3*l + 5726 = 4*l. Let q be (-7)/42 + l/12. Suppose 5*s = 4*u + q, 224 + 145 = 4*s + u. What is the tens digit of s?
9
Suppose -5*l + 0*l = -200. Suppose 3 = 2*g - 5*c - 28, l = 2*g - 2*c. Suppose -p - g = -118. What is the tens digit of p?
9
Let f(y) = 474*y**2 + 2*y - 8. Let p(x) = 48*x + 290. Let w be p(-6). What is the hundreds digit of f(w)?
8
Let y(a) = -a**2 - 472*a + 2780. What is the hundreds digit of y(-160)?
7
Suppose 0*m = 2*m - 70. 